et j(h) = -9*h**2 - h + 6. Let y be j(-3). Let w = 125 + y. What are the prime factors of w?
53
Let n(v) = -21*v - 9. Suppose 5*b = 2*s - 31, -2*s + 2 = -4. Let o(t) = -10*t - 5. Let j(z) = b*o(z) + 3*n(z). What are the prime factors of j(-2)?
2, 3
Let r = -17 + 26. Suppose 4*n + n = 20. Suppose 33 = n*d + r. List the prime factors of d.
2, 3
Let u = -103 + 36. Let h = 13 - u. Suppose -9*r + h = -7*r. What are the prime factors of r?
2, 5
Suppose 7 = -2*x + 13. Suppose x*b = 2*b + 36. List the prime factors of b.
2, 3
Let p be 6*-1*1/(-1). Suppose -3*f - p = -141. What are the prime factors of f?
3, 5
Let d(f) be the second derivative of f**7/840 + f**6/240 + f**5/60 - 7*f**4/12 - 2*f. Let b(l) be the third derivative of d(l). List the prime factors of b(-3).
2, 5
Let i = -1382 - -1531. What are the prime factors of i?
149
Let c be ((1360/(-6))/8)/(3/(-126)). Suppose -5*r - 9*r = -c. List the prime factors of r.
5, 17
Suppose 0 = 4*h + 4 - 16. Suppose g - h*n - 60 = -6*n, g + n = 70. Suppose i = -2*i + g. What are the prime factors of i?
5
What are the prime factors of (-122)/(-5) - (-21)/35?
5
Let m = -10 - -10. Suppose 4*r - 16 = -4*c, m = -4*c + 2*r + 3*r - 20. Suppose -4*k + 159 + 1 = c. List the prime factors of k.
2, 5
Let q = 647 - -2193. List the prime factors of q.
2, 5, 71
Let l = 278 - -224. List the prime factors of l.
2, 251
Let u(q) = 125*q + 2. List the prime factors of u(5).
3, 11, 19
What are the prime factors of (346 - 5)/(9/27)?
3, 11, 31
Let v(x) = 20*x + 42. Let j be v(-7). Let h = -80 - j. What are the prime factors of h?
2, 3
Suppose -500*p = -496*p - 7252. What are the prime factors of p?
7, 37
Let y(d) = 9*d**3 - 2*d**2 + 3*d - 2. Let c be y(1). What are the prime factors of -3 + 1 + c/2?
2
List the prime factors of 19/114 - (-12659)/6.
2, 5, 211
Suppose -5*g - g + 12 = 0. Suppose -p + 671 = 5*u, -3*u = -g*u + 4*p - 119. What are the prime factors of u?
3, 5
Let b(s) = -s**2 + 3*s + 10. Let f be b(5). Suppose 99 = -f*u + u. List the prime factors of u.
3, 11
Let j be (-38)/10 + 2/(-10). Let u be (-30)/(-8) + (-1)/j. Suppose 3*f - u*f = -8. What are the prime factors of f?
2
Suppose 2*v + 3*v - 5*t + 10 = 0, 5*v + 4*t - 26 = 0. Let w be v/(-8) + 3829/(-28). Let d = w + 192. List the prime factors of d.
5, 11
What are the prime factors of (-6)/(84/(-38465)) + (-15)/6?
3, 5, 61
Let s(z) = -z + 8. Let n be s(-8). Suppose 3*c - 5*v + 24 = 2, c - 4 = -4*v. Let a = n + c. What are the prime factors of a?
2, 3
Suppose 2*x - 4 = -0. Suppose 4*w = -2*m - w - 9, x*w = -2*m. Suppose 3*c - 2*q - 103 = 0, -4*c = -m*q - 162 + 26. What are the prime factors of c?
37
Suppose -3*f + 21 - 6 = 5*g, f + 4*g - 12 = 0. Suppose f = 3*z + 10*z - 234. List the prime factors of z.
2, 3
Let t(a) = -5*a + 33. Let r be t(6). Suppose r*o - 108 = -i, 5*o = -2*i + 4*i + 169. What are the prime factors of o?
5, 7
Let b = 6092 - 3645. List the prime factors of b.
2447
Let h(p) = 24*p. Let c(l) = 2*l - 11. Let o be c(6). Let q be h(o). Suppose q - 12 = 4*s. What are the prime factors of s?
3
Let i(u) = 5*u - 9. Suppose -g - 4*w - 2 = 0, -g + 4 = -2*w - 6. Suppose -x - 30 = -g*x. What are the prime factors of i(x)?
3, 7
Let t = -49 - -73. Let v = 27 - t. List the prime factors of (-3)/v - (-58 - -3).
2, 3
List the prime factors of 895 + (-8)/(0 + 4).
19, 47
Let n be (6 - 8) + (-8)/(-2). Suppose 0 = -n*y + 3*y - 297. Suppose 5*f + u = -u + y, -5*u = -4*f + 231. What are the prime factors of f?
59
Let o = 3 + -1. Suppose -2 = g - o*g. Suppose 0 = -3*u + g*u + 20. List the prime factors of u.
2, 5
Let o(t) = t**3 - 5*t**2 + 6*t - 4. Let h be o(6). Suppose -r = -h + 24. Suppose 0 = -10*i + 6*i + r. What are the prime factors of i?
11
Let q(d) = 112*d + 30. List the prime factors of q(5).
2, 5, 59
Let n = 86 - -105. List the prime factors of n.
191
Suppose -3*v - 291 = 6. Let j = 177 - v. Suppose 4*l = -4*n + 240, 5*n - j = -2*l + 18. List the prime factors of n.
2, 29
Suppose 5*v + 4*y - 1830 = 0, -6*v + 5*y + 1830 = -v. List the prime factors of v.
2, 3, 61
Let x(n) = 2*n**2 - 8*n - 4. Let m(s) = 3*s**2 - 9*s - 4. Let v(y) = 4*m(y) - 5*x(y). List the prime factors of v(-4).
2, 5
Suppose 1 + 7 = -q. Let j be ((-8)/20)/((-1)/105) - 4. Let h = j - q. List the prime factors of h.
2, 23
Let n be (-8)/2 - (0 + -22). Suppose b + n = -b. What are the prime factors of (3 - 0)*(-120)/b?
2, 5
Let d(c) = 46*c**3 + 7*c. Let f(s) = -s. Let y(n) = -n**2 + 9*n - 2. Let o be y(8). Let k(p) = o*f(p) + d(p). What are the prime factors of k(1)?
47
Let w(p) = -13*p + 12. What are the prime factors of w(-25)?
337
Suppose 5*h - 3*g + 6 = 0, -3*g = 2*h + 2*g - 10. Suppose h = -3*k + 29 + 16. What are the prime factors of k?
3, 5
List the prime factors of (0 + 1)/(2/398).
199
Suppose -34*n + 70*n - 65808 = 0. What are the prime factors of n?
2, 457
Let h(u) be the first derivative of 5*u**3/3 - 5*u**2/2 + 20*u - 28. List the prime factors of h(5).
2, 3, 5
Suppose 16 - 7 = k. Suppose s + 2*n = -0*n - 7, 2*n + k = -3*s. Let a = 9 - s. List the prime factors of a.
2, 5
Let p be -4 + (-3 - -9)*4. Suppose p*a = 22*a - 128. What are the prime factors of a?
2
Let s(g) = -g**3 + g**2 - 2*g + 75. Let u(y) = y - 5. Let z be u(5). List the prime factors of s(z).
3, 5
Let v(y) = y**3 + 26*y**2 - 36*y + 48. What are the prime factors of v(-27)?
3, 97
Let j be (38 - 3) + (-1)/(-1). What are the prime factors of (-88)/3*(-189)/j?
2, 7, 11
Suppose -g - 2*c + 2048 = 3*c, -c = -7*g + 14300. List the prime factors of g.
3, 227
Suppose -k = -5*x + 2 + 2, 4 = -3*x - k. Suppose n - 4*l = 57, -4*n + x*n = -l - 273. What are the prime factors of n?
3, 23
Suppose 1070 = 5*z + 2*p, -5*p + 437 = 2*z + 9. List the prime factors of z.
2, 107
Let p(z) = 2*z - 12. Let s be p(10). Suppose 7*a = s*a + 2. List the prime factors of 375/45 - a/3.
3
Suppose 2*t + 3*h - 24 = 0, 0*h + 2*h = 2*t - 4. Let b be 0 + 46 - (-18)/t. Let y = b + -13. List the prime factors of y.
2, 3
Let h be (-1836)/(-8) - 1/(-2). Suppose -3*c - 68 = -h. List the prime factors of c.
2, 3
Let p(d) = d**3 - d + 1. Suppose h - 2*h = -5. Suppose 23 = -z - h*f, 3*z - 3*f - 1 = -4*f. What are the prime factors of p(z)?
7
Let j(t) = t**2 - 9*t - 9. Let k be (3/(-9))/((-1)/30). Let q be j(k). List the prime factors of ((-4)/q)/(4/(-18)).
2, 3
Let p = -97 + 99. Suppose 2*q + p*c = 5*c + 330, 0 = 3*c + 6. What are the prime factors of q?
2, 3
Suppose -2*o = 2*u - 7*u - 24, 2*o = -u. Suppose -o*r - 168 = -6*r. List the prime factors of r.
2, 3, 7
Suppose 3*c - 4*g - 9 = -0*g, -11 = -4*c + 5*g. Let t be 18/6 + c + -1. What are the prime factors of (4/(-16) + t)*52?
3, 13
Let r(w) = w**2 - 6. Let q be r(-10). Suppose -5*k = -86 - q. List the prime factors of k.
2, 3
Let n(o) = o**2 + 14*o - 24. Let i be n(-16). Let d(b) = b + 41. What are the prime factors of d(i)?
7
Let d be (-10)/(-85) - (-888)/(-34). Let s = d - -33. Let z = s + 19. List the prime factors of z.
2, 13
Let n = 568 - 273. Suppose 0 = 5*j + 4*j - 18. Suppose 0 = -5*r + j*k + 280, -5*r - 4*k = -3*k - n. List the prime factors of r.
2, 29
Let t be 15/5 + (-450)/(-3). Suppose -3*o - 5*j = -422, 3*o + t - 543 = 3*j. List the prime factors of o.
2, 67
Let r(x) = x**2 - x - 1. Let u(h) = -h**3 - 25*h**2 + 29*h - 58. Let z(n) = -r(n) - u(n). List the prime factors of z(-25).
2, 67
Let i(f) = -f - 12. Let n be i(-4). Let j be n/(-32) - 115/(-4). Let v = j + -25. List the prime factors of v.
2
What are the prime factors of 135 + (-6 - (-1 - 0))?
2, 5, 13
Let n(u) = u**3 - 24*u**2 + 11*u - 106. What are the prime factors of n(26)?
2, 383
Suppose -5*o + 4*g = -5 - 0, -2*g = -o - 5. Suppose -o*x - 3 = -2*x. List the prime factors of 12 - (0 - (0 + x)).
11
Let w(y) be the second derivative of 147*y**5/20 + y**4/12 - y**3/6 + y**2 - 25*y. List the prime factors of w(1).
149
Let o(g) = g**2 - g + 2. Let p be ((-36)/30)/(4/10). Let t be 7/((-42)/(-4))*p. What are the prime factors of o(t)?
2
Let a(b) = -b**2 - 6*b. Let l be a(-5). Let i = -7 + l. Let k = 5 + i. What are the prime factors of k?
3
Let i be (-64)/(-20) + (-1)/5. Let g be 314/i - (-1)/3. Suppose n - 37 = 3*y, 6*n - 3*n = 3*y + g. List the prime factors of n.
2, 17
Let q(n) = 2*n**2 - 3*n - 4. Let x = 11 + -7. Suppose -x*o - 13 = -1. What a